{"id":225,"date":"2024-03-08T10:39:59","date_gmt":"2024-03-08T10:39:59","guid":{"rendered":"https:\/\/www.ranocchigs.it\/?page_id=225"},"modified":"2024-03-08T13:58:43","modified_gmt":"2024-03-08T13:58:43","slug":"paghe-e-stipendi","status":"publish","type":"page","link":"https:\/\/www.ranocchigs.it\/?page_id=225","title":{"rendered":"Paghe e stipendi"},"content":{"rendered":"\n<p><strong>Per professionisti e consulenti del lavoro<\/strong><\/p>\n\n\n\n<p style=\"text-align: justify;\">GIS Paghe \u00e8 costantemente aggiornato (gestioni, tabelle contributive, contratti), garantisce forte automazione delle gestioni, miglioramento dell&#8217;efficienza dello studio e capacit\u00e0 di affrontare l&#8217;elaborazione di qualsiasi adempimento di amministrazione del personale.&nbsp;GIS Paghe \u00e8 perfettamente integrato con GIS Contabilit\u00e0, Redditi e Bilanci, con cui condivide un&#8217;unica base dati.<\/p>\n\n\n\n<p><strong>Per le aziende<\/strong><\/p>\n\n\n\n<p style=\"text-align: justify;\">GIS Paghe&nbsp;include un modulo di budget del personale molto avanzato per analisi e simulazioni,&nbsp;si interfaccia con i principali sistemi di rilevazione presenze e permette l&#8217;export&nbsp;dei dati nei formati pi\u00f9 comuni. L&#8217;intuitivit\u00e0 dell&#8217;interfaccia e i numerosi automatismi permettono l&#8217;utilizzo di GIS Paghe anche&nbsp;ad&nbsp;operatori non esperti.<\/p>\n","protected":false},"excerpt":{"rendered":"<p>Per professionisti e consulenti del lavoro GIS Paghe \u00e8 costantemente aggiornato (gestioni, tabelle contributive, contratti), garantisce forte automazione delle gestioni, miglioramento dell&#8217;efficienza dello studio e capacit\u00e0 di affrontare l&#8217;elaborazione di qualsiasi adempimento di amministrazione del personale.&nbsp;GIS Paghe \u00e8 perfettamente integrato con GIS Contabilit\u00e0, Redditi e Bilanci, con cui condivide un&#8217;unica base dati. Per le aziende [&hellip;]<\/p>\n","protected":false},"author":1,"featured_media":0,"parent":0,"menu_order":0,"comment_status":"closed","ping_status":"closed","template":"","meta":{"footnotes":""},"class_list":["post-225","page","type-page","status-publish","hentry"],"_links":{"self":[{"href":"https:\/\/www.ranocchigs.it\/index.php?rest_route=\/wp\/v2\/pages\/225","targetHints":{"allow":["GET"]}}],"collection":[{"href":"https:\/\/www.ranocchigs.it\/index.php?rest_route=\/wp\/v2\/pages"}],"about":[{"href":"https:\/\/www.ranocchigs.it\/index.php?rest_route=\/wp\/v2\/types\/page"}],"author":[{"embeddable":true,"href":"https:\/\/www.ranocchigs.it\/index.php?rest_route=\/wp\/v2\/users\/1"}],"replies":[{"embeddable":true,"href":"https:\/\/www.ranocchigs.it\/index.php?rest_route=%2Fwp%2Fv2%2Fcomments&post=225"}],"version-history":[{"count":1,"href":"https:\/\/www.ranocchigs.it\/index.php?rest_route=\/wp\/v2\/pages\/225\/revisions"}],"predecessor-version":[{"id":226,"href":"https:\/\/www.ranocchigs.it\/index.php?rest_route=\/wp\/v2\/pages\/225\/revisions\/226"}],"wp:attachment":[{"href":"https:\/\/www.ranocchigs.it\/index.php?rest_route=%2Fwp%2Fv2%2Fmedia&parent=225"}],"curies":[{"name":"wp","href":"https:\/\/api.w.org\/{rel}","templated":true}]}}