{"id":213,"date":"2024-03-08T10:19:05","date_gmt":"2024-03-08T10:19:05","guid":{"rendered":"https:\/\/www.ranocchigs.it\/?page_id=213"},"modified":"2024-03-08T13:58:26","modified_gmt":"2024-03-08T13:58:26","slug":"consulenti-del-lavoro","status":"publish","type":"page","link":"https:\/\/www.ranocchigs.it\/?page_id=213","title":{"rendered":"Consulenti del lavoro"},"content":{"rendered":"\n<p><strong>GIS PAGHE: Amministrazione del Personale<\/strong><\/p>\n\n\n\n<p style=\"text-align: justify;\">GIS Paghe gestisce in modo completo ed efficiente tutte le problematiche degli studi e delle aziende per l&#8217;amministrazione del personale. L&#8217;architettura della base dati e la grande esperienza degli analisti hanno permesso di costruire un prodotto moderno e completo per rispondere al meglio alle esigenze sia dei professionisti sia delle aziende.<\/p>\n\n\n\n<p><strong>Per il consulente<\/strong><\/p>\n\n\n\n<p style=\"text-align: justify;\">GIS Paghe gestisce tutte le informazioni contrattuali, fiscali e contributive aggiornate periodicamente, garantisce una forte automazione delle gestioni, miglioramento dell&#8217;efficienza dello studio e capacit\u00e0 di affrontare l&#8217;elaborazione di qualsiasi adempimento di amministrazione del personale,&nbsp;ed \u00e8 pienamente integrato con GIS Contabilit\u00e0, Redditi e Bilanci. L&#8217;integrazione con i diffusi strumenti di office automation consentono di acquisire e trasferire dati da e verso fogli elettronici e testi.<\/p>\n\n\n\n<p><strong>Per le aziende<\/strong><\/p>\n\n\n\n<p style=\"text-align: justify;\">GIS Paghe \u00e8 una procedura studiata per fornire all&#8217;utilizzatore, in modo semplice ed intuitivo, le informazioni necessarie allo svolgimento delle operazioni periodiche anche da parte di personale non esperto in materia di paghe, include un modulo di budget del personale per analisi e simulazioni, si interfaccia con i principali sistemi di rilevazione presenze (vedi pagina soluzioni cross), permette l&#8217;export&nbsp;in tutti i formati.<\/p>\n","protected":false},"excerpt":{"rendered":"<p>GIS PAGHE: Amministrazione del Personale GIS Paghe gestisce in modo completo ed efficiente tutte le problematiche degli studi e delle aziende per l&#8217;amministrazione del personale. L&#8217;architettura della base dati e la grande esperienza degli analisti hanno permesso di costruire un prodotto moderno e completo per rispondere al meglio alle esigenze sia dei professionisti sia delle [&hellip;]<\/p>\n","protected":false},"author":1,"featured_media":0,"parent":0,"menu_order":0,"comment_status":"closed","ping_status":"closed","template":"","meta":{"footnotes":""},"class_list":["post-213","page","type-page","status-publish","hentry"],"_links":{"self":[{"href":"https:\/\/www.ranocchigs.it\/index.php?rest_route=\/wp\/v2\/pages\/213","targetHints":{"allow":["GET"]}}],"collection":[{"href":"https:\/\/www.ranocchigs.it\/index.php?rest_route=\/wp\/v2\/pages"}],"about":[{"href":"https:\/\/www.ranocchigs.it\/index.php?rest_route=\/wp\/v2\/types\/page"}],"author":[{"embeddable":true,"href":"https:\/\/www.ranocchigs.it\/index.php?rest_route=\/wp\/v2\/users\/1"}],"replies":[{"embeddable":true,"href":"https:\/\/www.ranocchigs.it\/index.php?rest_route=%2Fwp%2Fv2%2Fcomments&post=213"}],"version-history":[{"count":1,"href":"https:\/\/www.ranocchigs.it\/index.php?rest_route=\/wp\/v2\/pages\/213\/revisions"}],"predecessor-version":[{"id":214,"href":"https:\/\/www.ranocchigs.it\/index.php?rest_route=\/wp\/v2\/pages\/213\/revisions\/214"}],"wp:attachment":[{"href":"https:\/\/www.ranocchigs.it\/index.php?rest_route=%2Fwp%2Fv2%2Fmedia&parent=213"}],"curies":[{"name":"wp","href":"https:\/\/api.w.org\/{rel}","templated":true}]}}