{"id":163,"date":"2024-03-07T15:30:38","date_gmt":"2024-03-07T15:30:38","guid":{"rendered":"https:\/\/www.ranocchigs.it\/?page_id=163"},"modified":"2024-03-11T13:12:18","modified_gmt":"2024-03-11T13:12:18","slug":"contattaci","status":"publish","type":"page","link":"https:\/\/www.ranocchigs.it\/?page_id=163","title":{"rendered":"PRODOTTI"},"content":{"rendered":"\n\t\t\t<!-- START Slider 2 REVOLUTION SLIDER 6.6.20 --><p class=\"rs-p-wp-fix\"><\/p>\n\t\t\t<rs-module-wrap id=\"rev_slider_7_1_wrapper\" data-source=\"gallery\" style=\"visibility:hidden;background:transparent;padding:0;margin:0px auto;margin-top:0;margin-bottom:0;\">\n\t\t\t\t<rs-module id=\"rev_slider_7_1\" style=\"\" data-version=\"6.6.20\">\n\t\t\t\t\t<rs-slides style=\"overflow: hidden; position: absolute;\">\n\t\t\t\t\t\t<rs-slide style=\"position: absolute;\" data-key=\"rs-12\" data-title=\"Slide\" data-in=\"o:0;\" data-out=\"a:false;\">\n\t\t\t\t\t\t\t<img fetchpriority=\"high\" decoding=\"async\" src=\"\/\/www.ranocchigs.it\/wp-content\/plugins\/revslider\/public\/assets\/assets\/dummy.png\" alt=\"\" title=\"video-240p_5.jpeg\" width=\"426\" height=\"240\" class=\"rev-slidebg tp-rs-img rs-lazyload\" data-lazyload=\"\/\/www.ranocchigs.it\/wp-content\/uploads\/revslider\/video-media\/video-240p_5.jpeg\" data-no-retina>\n\t\t\t\t\t\t\t<rs-bgvideo \n\t\t\t\t\t\t\t\tdata-video=\"w:100%;h:100%;nse:false;l:true;ptimer:false;vfc:true;do:1;doca:rgba(12, 12, 12, 0.38);\"\n\t\t\t\t\t\t\t\tdata-mp4=\"\/\/www.ranocchigs.it\/wp-content\/uploads\/2024\/03\/video_1.mp4\"\n\t\t\t\t\t\t\t><\/rs-bgvideo>\n<!--\n\t\t\t\t\t\t\t--><rs-group\n\t\t\t\t\t\t\t\tid=\"slider-7-slide-12-layer-0\" \n\t\t\t\t\t\t\t\tclass=\"MOVE-BG\"\n\t\t\t\t\t\t\t\tdata-type=\"group\"\n\t\t\t\t\t\t\t\tdata-rsp_ch=\"on\"\n\t\t\t\t\t\t\t\tdata-xy=\"xo:32px,6px,9px,12px;y:m;yo:0,0,0,-2px;\"\n\t\t\t\t\t\t\t\tdata-text=\"w:normal;s:20,16,12,7;l:0,20,15,9;\"\n\t\t\t\t\t\t\t\tdata-dim=\"w:743,649px,590px,461px;h:620,458px,375px,383px;\"\n\t\t\t\t\t\t\t\tdata-frame_0=\"o:1;\"\n\t\t\t\t\t\t\t\tdata-frame_999=\"o:0;st:w;sR:8700;sA:9000;\"\n\t\t\t\t\t\t\t\tstyle=\"z-index:10;\"\n\t\t\t\t\t\t\t><!--\n\t\t\t\t\t\t\t\t--><a\n\t\t\t\t\t\t\t\t\tid=\"slider-7-slide-12-layer-3\" \n\t\t\t\t\t\t\t\t\tclass=\"rs-layer rev-btn\"\n\t\t\t\t\t\t\t\t\thref=\"http:\/\/www.webrecall.ranocchigs.it\/index.php?option=com_user&view=login&return=aHR0cDovL3d3dy5yYW5vY2NoaWdzLml0L2luZGV4LnBocD9vcHRpb249Y29tX2h1cnVoZWxwZGVzayZ2aWV3PWNwYW5lbCZJdGVtaWQ9NTQ=\" target=\"_blank\" rel=\"noopener\"\n\t\t\t\t\t\t\t\t\tdata-type=\"button\"\n\t\t\t\t\t\t\t\t\tdata-rsp_ch=\"on\"\n\t\t\t\t\t\t\t\t\tdata-xy=\"xo:41px,33px,4px,0;y:b;yo:61px,50px,82px,5px;\"\n\t\t\t\t\t\t\t\t\tdata-pos=\"a\"\n\t\t\t\t\t\t\t\t\tdata-text=\"w:normal;s:17,16,12,16;l:63,59,42,57;fw:500;a:center;\"\n\t\t\t\t\t\t\t\t\tdata-dim=\"w:218,208px,152px,195px;h:64,61px,44px,59px;minh:0,none,none,none;\"\n\t\t\t\t\t\t\t\t\tdata-padding=\"r:26,21,12,7;l:26,21,12,7;\"\n\t\t\t\t\t\t\t\t\tdata-border=\"bor:30px,30px,30px,30px;\"\n\t\t\t\t\t\t\t\t\tdata-frame_0=\"y:-100%;\"\n\t\t\t\t\t\t\t\t\tdata-frame_0_mask=\"u:t;\"\n\t\t\t\t\t\t\t\t\tdata-frame_1=\"st:880;sp:1200;sR:880;\"\n\t\t\t\t\t\t\t\t\tdata-frame_1_mask=\"u:t;\"\n\t\t\t\t\t\t\t\t\tdata-frame_999=\"o:0;st:w;sR:6920;\"\n\t\t\t\t\t\t\t\t\tdata-frame_hover=\"c:#ff3d00;bgc:#fff;bor:30px,30px,30px,30px;bri:120%;\"\n\t\t\t\t\t\t\t\t\tstyle=\"z-index:10;background-color:#E3061F;font-family:'Fira Sans';@-webkit-keyframes MOVE-BG { from { -webkit-transform:translateX(0);transform:translateX(0);\"\n\t\t\t\t\t\t\t\t>WEB RECALL <i class=\"fa-angle-double-right\"><\/i> \n\t\t\t\t\t\t\t\t<\/a><!--\n\n\t\t\t\t\t\t\t\t--><rs-layer\n\t\t\t\t\t\t\t\t\tid=\"slider-7-slide-12-layer-6\" \n\t\t\t\t\t\t\t\t\tdata-type=\"text\"\n\t\t\t\t\t\t\t\t\tdata-color=\"#e3061f||#e3061f||#000000||#e3061f\"\n\t\t\t\t\t\t\t\t\tdata-rsp_ch=\"on\"\n\t\t\t\t\t\t\t\t\tdata-xy=\"xo:218px,136px,102px,131px;yo:203px,215px,134px,115px;\"\n\t\t\t\t\t\t\t\t\tdata-pos=\"a\"\n\t\t\t\t\t\t\t\t\tdata-text=\"w:normal;s:63,60,30,30;l:66,64,32,29;fw:700;\"\n\t\t\t\t\t\t\t\t\tdata-dim=\"w:741,611,264px,157px;\"\n\t\t\t\t\t\t\t\t\tdata-frame_0=\"x:-175%;o:1;\"\n\t\t\t\t\t\t\t\t\tdata-frame_0_mask=\"u:t;x:100%;\"\n\t\t\t\t\t\t\t\t\tdata-frame_1=\"e:power3.out;st:960;sp:1000;sR:960;\"\n\t\t\t\t\t\t\t\t\tdata-frame_1_mask=\"u:t;\"\n\t\t\t\t\t\t\t\t\tdata-frame_999=\"o:0;st:w;sR:7040;\"\n\t\t\t\t\t\t\t\t\tstyle=\"z-index:9;font-family:'Fira Sans';\"\n\t\t\t\t\t\t\t\t>Gruppo RANOCCHI \n\t\t\t\t\t\t\t\t<\/rs-layer><!--\n\n\t\t\t\t\t\t\t\t--><rs-layer\n\t\t\t\t\t\t\t\t\tid=\"slider-7-slide-12-layer-4\" \n\t\t\t\t\t\t\t\t\tdata-type=\"text\"\n\t\t\t\t\t\t\t\t\tdata-color=\"#0c0101\"\n\t\t\t\t\t\t\t\t\tdata-rsp_ch=\"on\"\n\t\t\t\t\t\t\t\t\tdata-xy=\"xo:323px,266px,207px,127px;yo:204px,168px,131px,80px;\"\n\t\t\t\t\t\t\t\t\tdata-pos=\"a\"\n\t\t\t\t\t\t\t\t\tdata-text=\"w:normal;s:63,60,54,35;l:67,62,58,38;fw:700;\"\n\t\t\t\t\t\t\t\t\tdata-dim=\"w:574,474,369px,227px;\"\n\t\t\t\t\t\t\t\t\tdata-frame_0=\"x:100%;\"\n\t\t\t\t\t\t\t\t\tdata-frame_0_mask=\"u:t;\"\n\t\t\t\t\t\t\t\t\tdata-frame_1=\"st:590;sp:1000;sR:590;\"\n\t\t\t\t\t\t\t\t\tdata-frame_1_mask=\"u:t;\"\n\t\t\t\t\t\t\t\t\tdata-frame_999=\"o:0;st:w;sR:7410;\"\n\t\t\t\t\t\t\t\t\tstyle=\"z-index:8;font-family:'Fira Sans';\"\n\t\t\t\t\t\t\t\t> \n\t\t\t\t\t\t\t\t<\/rs-layer><!--\n\n\t\t\t\t\t\t\t\t--><a\n\t\t\t\t\t\t\t\t\tid=\"slider-7-slide-12-layer-7\" \n\t\t\t\t\t\t\t\t\tclass=\"rs-layer rev-btn\"\n\t\t\t\t\t\t\t\t\thref=\"https:\/\/www.ranocchigs.it\/?page_id=166\" target=\"_self\"\n\t\t\t\t\t\t\t\t\tdata-type=\"button\"\n\t\t\t\t\t\t\t\t\tdata-rsp_ch=\"on\"\n\t\t\t\t\t\t\t\t\tdata-xy=\"xo:41px,1px,0,0;yo:420px,342px,307px,249px;\"\n\t\t\t\t\t\t\t\t\tdata-pos=\"a\"\n\t\t\t\t\t\t\t\t\tdata-text=\"w:normal;s:17,16,12,16;l:63,59,43,57;fw:500;a:center;\"\n\t\t\t\t\t\t\t\t\tdata-dim=\"w:218,208px,157px,195px;h:64,61px,45px,59px;minh:0,none,none,none;\"\n\t\t\t\t\t\t\t\t\tdata-padding=\"r:26,21,12,7;l:26,21,12,7;\"\n\t\t\t\t\t\t\t\t\tdata-border=\"bor:30px,30px,30px,30px;\"\n\t\t\t\t\t\t\t\t\tdata-frame_0=\"y:-100%;\"\n\t\t\t\t\t\t\t\t\tdata-frame_0_mask=\"u:t;\"\n\t\t\t\t\t\t\t\t\tdata-frame_1=\"st:880;sp:1200;sR:880;\"\n\t\t\t\t\t\t\t\t\tdata-frame_1_mask=\"u:t;\"\n\t\t\t\t\t\t\t\t\tdata-frame_999=\"o:0;st:w;sR:6920;\"\n\t\t\t\t\t\t\t\t\tdata-frame_hover=\"c:#ff3d00;bgc:#fff;bor:30px,30px,30px,30px;bri:120%;\"\n\t\t\t\t\t\t\t\t\tstyle=\"z-index:7;background-color:#E3061F;font-family:'Fira Sans';@-webkit-keyframes MOVE-BG { from { -webkit-transform:translateX(0);transform:translateX(0);\"\n\t\t\t\t\t\t\t\t>CONTATTACI <i class=\"fa-angle-double-right\"><\/i> \n\t\t\t\t\t\t\t\t<\/a><!--\n\n\t\t\t\t\t\t\t\t--><rs-layer\n\t\t\t\t\t\t\t\t\tid=\"slider-7-slide-12-layer-2\" \n\t\t\t\t\t\t\t\t\tdata-type=\"text\"\n\t\t\t\t\t\t\t\t\tdata-rsp_ch=\"on\"\n\t\t\t\t\t\t\t\t\tdata-xy=\"xo:18px,0,0,0;yo:138px,69px,56px,50px;\"\n\t\t\t\t\t\t\t\t\tdata-pos=\"a\"\n\t\t\t\t\t\t\t\t\tdata-text=\"w:normal;s:63,60,35,30;l:66,64,37,30;fw:700;\"\n\t\t\t\t\t\t\t\t\tdata-dim=\"w:741,611,303px,158px;h:145px,119px,auto,104px;\"\n\t\t\t\t\t\t\t\t\tdata-frame_0=\"x:-175%;o:1;\"\n\t\t\t\t\t\t\t\t\tdata-frame_0_mask=\"u:t;x:100%;\"\n\t\t\t\t\t\t\t\t\tdata-frame_1=\"e:power3.out;st:960;sp:1000;sR:960;\"\n\t\t\t\t\t\t\t\t\tdata-frame_1_mask=\"u:t;\"\n\t\t\t\t\t\t\t\t\tdata-frame_999=\"o:0;st:w;sR:7040;\"\n\t\t\t\t\t\t\t\t\tstyle=\"z-index:6;font-family:'Arial', 'Helvetica', 'sans-serif';\"\n\t\t\t\t\t\t\t\t>partner di riferimento in Puglia  \n\t\t\t\t\t\t\t\t<\/rs-layer><!--\n\t\t\t\t\t\t\t--><\/rs-group><!--\n\n\t\t\t\t\t\t\t--><rs-layer\n\t\t\t\t\t\t\t\tid=\"slider-7-slide-12-layer-1\" \n\t\t\t\t\t\t\t\tdata-type=\"text\"\n\t\t\t\t\t\t\t\tdata-rsp_ch=\"on\"\n\t\t\t\t\t\t\t\tdata-xy=\"xo:0,51px,28px,3px;yo:43px,31px,204px,61px;\"\n\t\t\t\t\t\t\t\tdata-text=\"w:normal;s:70,18,44,40;l:70,22,56,31;fw:500;a:left,left,left,center;\"\n\t\t\t\t\t\t\t\tdata-dim=\"w:814px,672px,1284px,474px;\"\n\t\t\t\t\t\t\t\tdata-frame_0=\"y:100%;\"\n\t\t\t\t\t\t\t\tdata-frame_0_mask=\"u:t;\"\n\t\t\t\t\t\t\t\tdata-frame_1=\"sp:1200;\"\n\t\t\t\t\t\t\t\tdata-frame_1_mask=\"u:t;\"\n\t\t\t\t\t\t\t\tdata-frame_999=\"o:0;st:w;sR:7800;\"\n\t\t\t\t\t\t\t\tstyle=\"z-index:9;font-family:'Fira Sans';\"\n\t\t\t\t\t\t\t>Ranocchi Global Solution \n\t\t\t\t\t\t\t<\/rs-layer><!--\n\n\t\t\t\t\t\t\t--><a\n\t\t\t\t\t\t\t\tid=\"slider-7-slide-12-layer-10\" \n\t\t\t\t\t\t\t\tclass=\"rs-layer\"\n\t\t\t\t\t\t\t\thref=\"https:\/\/ranocchi.it\/soluzioni-commercialisti\" target=\"_blank\" rel=\"noopener\"\n\t\t\t\t\t\t\t\tdata-type=\"image\"\n\t\t\t\t\t\t\t\tdata-rsp_ch=\"on\"\n\t\t\t\t\t\t\t\tdata-xy=\"xo:830px,685px,415px,310px;yo:595px,491px,314px,198px;\"\n\t\t\t\t\t\t\t\tdata-text=\"w:normal;s:20,16,12,7;l:0,20,15,9;\"\n\t\t\t\t\t\t\t\tdata-dim=\"w:435,359,172px,153px;h:293,241,116px,103px;\"\n\t\t\t\t\t\t\t\tdata-frame_0=\"y:100%;\"\n\t\t\t\t\t\t\t\tdata-frame_0_mask=\"u:t;\"\n\t\t\t\t\t\t\t\tdata-frame_1=\"st:340;sp:1200;sR:340;\"\n\t\t\t\t\t\t\t\tdata-frame_1_mask=\"u:t;\"\n\t\t\t\t\t\t\t\tdata-frame_999=\"o:0;st:w;sR:7460;\"\n\t\t\t\t\t\t\t\tstyle=\"z-index:6;\"\n\t\t\t\t\t\t\t><img decoding=\"async\" src=\"\/\/www.ranocchigs.it\/wp-content\/plugins\/revslider\/public\/assets\/assets\/dummy.png\" alt=\"\" class=\"tp-rs-img rs-lazyload\" width=\"1000\" height=\"675\" data-lazyload=\"\/\/www.ranocchigs.it\/wp-content\/uploads\/2024\/03\/home_commercialisti.jpg\" data-no-retina> \n\t\t\t\t\t\t\t<\/a><!--\n\n\t\t\t\t\t\t\t--><a\n\t\t\t\t\t\t\t\tid=\"slider-7-slide-12-layer-12\" \n\t\t\t\t\t\t\t\tclass=\"rs-layer\"\n\t\t\t\t\t\t\t\thref=\"https:\/\/ranocchi.it\/demo\" target=\"_blank\" rel=\"noopener\"\n\t\t\t\t\t\t\t\tdata-type=\"image\"\n\t\t\t\t\t\t\t\tdata-rsp_ch=\"on\"\n\t\t\t\t\t\t\t\tdata-xy=\"xo:830px,685px,415px,310px;yo:303px,250px,431px,302px;\"\n\t\t\t\t\t\t\t\tdata-text=\"w:normal;s:20,16,12,7;l:0,20,15,9;\"\n\t\t\t\t\t\t\t\tdata-dim=\"w:435,359,172px,154px;h:293,241,116px,104px;\"\n\t\t\t\t\t\t\t\tdata-frame_0=\"y:100%;\"\n\t\t\t\t\t\t\t\tdata-frame_0_mask=\"u:t;\"\n\t\t\t\t\t\t\t\tdata-frame_1=\"st:350;sp:1200;sR:350;\"\n\t\t\t\t\t\t\t\tdata-frame_1_mask=\"u:t;\"\n\t\t\t\t\t\t\t\tdata-frame_999=\"o:0;st:w;sR:7450;\"\n\t\t\t\t\t\t\t\tstyle=\"z-index:7;\"\n\t\t\t\t\t\t\t><img decoding=\"async\" src=\"\/\/www.ranocchigs.it\/wp-content\/plugins\/revslider\/public\/assets\/assets\/dummy.png\" alt=\"\" class=\"tp-rs-img rs-lazyload\" width=\"1000\" height=\"675\" data-lazyload=\"\/\/www.ranocchigs.it\/wp-content\/uploads\/2024\/03\/home_demo_online.jpg\" data-no-retina> \n\t\t\t\t\t\t\t<\/a><!--\n\n\t\t\t\t\t\t\t--><a\n\t\t\t\t\t\t\t\tid=\"slider-7-slide-12-layer-15\" \n\t\t\t\t\t\t\t\tclass=\"rs-layer\"\n\t\t\t\t\t\t\t\thref=\"https:\/\/ranocchi.it\/soluzioni-paghe-stipendi\" target=\"_blank\" rel=\"noopener\"\n\t\t\t\t\t\t\t\tdata-type=\"image\"\n\t\t\t\t\t\t\t\tdata-rsp_ch=\"on\"\n\t\t\t\t\t\t\t\tdata-xy=\"xo:830px,685px,415px,310px;yo:9px,7px,549px,407px;\"\n\t\t\t\t\t\t\t\tdata-text=\"w:normal;s:20,16,12,7;l:0,20,15,9;\"\n\t\t\t\t\t\t\t\tdata-dim=\"w:435,359,172px,154px;h:293,241,116px,104px;\"\n\t\t\t\t\t\t\t\tdata-frame_0=\"y:100%;\"\n\t\t\t\t\t\t\t\tdata-frame_0_mask=\"u:t;\"\n\t\t\t\t\t\t\t\tdata-frame_1=\"st:350;sp:1200;sR:350;\"\n\t\t\t\t\t\t\t\tdata-frame_1_mask=\"u:t;\"\n\t\t\t\t\t\t\t\tdata-frame_999=\"o:0;st:w;sR:7450;\"\n\t\t\t\t\t\t\t\tstyle=\"z-index:8;\"\n\t\t\t\t\t\t\t><img loading=\"lazy\" decoding=\"async\" src=\"\/\/www.ranocchigs.it\/wp-content\/plugins\/revslider\/public\/assets\/assets\/dummy.png\" alt=\"\" class=\"tp-rs-img rs-lazyload\" width=\"1000\" height=\"675\" data-lazyload=\"\/\/www.ranocchigs.it\/wp-content\/uploads\/2024\/03\/home_paghe.jpg\" data-no-retina> \n\t\t\t\t\t\t\t<\/a><!--\n-->\t\t\t\t\t\t<\/rs-slide>\n\t\t\t\t\t<\/rs-slides>\n\t\t\t\t<\/rs-module>\n\t\t\t\t<script>\n\t\t\t\t\tsetREVStartSize({c: 'rev_slider_7_1',rl:[1240,1024,778,480],el:[900,768,960,720],gw:[1240,1024,778,480],gh:[900,768,960,720],type:'standard',justify:'',layout:'fullwidth',mh:\"0\"});if (window.RS_MODULES!==undefined && window.RS_MODULES.modules!==undefined && window.RS_MODULES.modules[\"revslider71\"]!==undefined) {window.RS_MODULES.modules[\"revslider71\"].once = false;window.revapi7 = undefined;if (window.RS_MODULES.checkMinimal!==undefined) window.RS_MODULES.checkMinimal()}\n\t\t\t\t<\/script>\n\t\t\t<\/rs-module-wrap>\n\t\t\t<!-- END REVOLUTION SLIDER -->\n\n\n\n\n<div style=\"height:100px\" aria-hidden=\"true\" class=\"wp-block-spacer\"><\/div>\n\n\n\n<h2 class=\"wp-block-heading\">SERVIZI<\/h2>\n\n\n\n<p><strong>Formazione e Consulenza<\/strong><\/p>\n\n\n\n<p style=\"text-align: justify;\">Per promuovere gli aggiornamenti e le nuove funzionalit\u00e0 dei propri prodotti e rispondere sempre meglio alle esigenze del cliente finale, Ranocchi Napoli organizza interventi formativi differenziati sulle tematiche di maggior rilievo sia attraverso corsi in aula che on line secondo un calendario predefinito oppure a richiesta. Una formazione adeguata costituisce un valore aggiunto per lo studio e per l\u2019impresa consentendo agli operatori di sfruttare al meglio gli strumenti informatici messi a loro disposizione.<br>L&#8217;aggiornamento continuo delle soluzioni per rispondere agli adempimenti previsti dall&#8217;evoluzione delle normative necessita un elevato grado di flessibilit\u00e0 e prontezza da parte degli operatori.<br>La capacit\u00e0 di reagire con rapidit\u00e0 anche ai cambiamenti del mercato richiede il supporto di un sistema informativo efficiente, a tal proposito il Gruppo Ranocchi offre un affiancamento continuo pre e post vendita per lo studio, la programmazione e la realizzazione di nuovi progetti.<br>Particolare attenzione \u00e8 rivolta all&#8217;implementazione e alla migrazione da sistemi esistenti.<\/p>\n\n\n\n<hr\/>\n\n\n\n<h2 class=\"wp-block-heading\">Aziende<\/h2>\n\n\n\n<p style=\"text-align: justify;\"><strong>Business Easy Net<\/strong>: per le imprese commerciali ed artigiane NTS ha realizzato Business Easy Net, facile da usare, risponde alle necessit\u00e0 gestionali dell\u2019impresa e, a fronte di una crescita dell\u2019azienda, pu\u00f2 essere convertito alle versioni superiori con piena portabilit\u00e0 di tutti i dati gestionali.<\/p>\n\n\n\n<p style=\"text-align: justify;\"><br><strong>Business Excellence Net<\/strong>: appositamente studiato per soddisfare le esigenze della media e grande azienda, Business Excellence Net copre in modo completo le funzioni gestionali nel campo amministrativo, produzione, commerciale, logistico e controllo di gestione.<\/p>\n\n\n\n<p style=\"text-align: justify;\"><br><strong>Business Concept<\/strong>&nbsp;\u00e8 una suite di soluzioni gestionali ad alto valore aggiunto per aziende di grandi dimensioni, fornite in combinazione con servizi di consulenza, formazione, analisi e personalizzazione.<\/p>\n\n\n\n<hr\/>\n\n\n\n<h2 class=\"wp-block-heading\">Paghe e stipendi<\/h2>\n\n\n\n<p><strong>Per professionisti e consulenti del lavoro<\/strong><\/p>\n\n\n\n<p style=\"text-align: justify;\">GIS Paghe \u00e8 costantemente aggiornato (gestioni, tabelle contributive, contratti), garantisce forte automazione delle gestioni, miglioramento dell&#8217;efficienza dello studio e capacit\u00e0 di affrontare l&#8217;elaborazione di qualsiasi adempimento di amministrazione del personale.&nbsp;GIS Paghe \u00e8 perfettamente integrato con GIS Contabilit\u00e0, Redditi e Bilanci, con cui condivide un&#8217;unica base dati.<\/p>\n\n\n\n<p><strong>Per le aziende<\/strong><\/p>\n\n\n\n<p style=\"text-align: justify;\">GIS Paghe&nbsp;include un modulo di budget del personale molto avanzato per analisi e simulazioni,&nbsp;si interfaccia con i principali sistemi di rilevazione presenze e permette l&#8217;export&nbsp;dei dati nei formati pi\u00f9 comuni. L&#8217;intuitivit\u00e0 dell&#8217;interfaccia e i numerosi automatismi permettono l&#8217;utilizzo di GIS Paghe anche&nbsp;ad&nbsp;operatori non esperti.<\/p>\n","protected":false},"excerpt":{"rendered":"<p>SERVIZI Formazione e Consulenza Per promuovere gli aggiornamenti e le nuove funzionalit\u00e0 dei propri prodotti e rispondere sempre meglio alle esigenze del cliente finale, Ranocchi Napoli organizza interventi formativi differenziati sulle tematiche di maggior rilievo sia attraverso corsi in aula che on line secondo un calendario predefinito oppure a richiesta. Una formazione adeguata costituisce un [&hellip;]<\/p>\n","protected":false},"author":1,"featured_media":0,"parent":0,"menu_order":0,"comment_status":"closed","ping_status":"closed","template":"","meta":{"footnotes":""},"class_list":["post-163","page","type-page","status-publish","hentry"],"_links":{"self":[{"href":"https:\/\/www.ranocchigs.it\/index.php?rest_route=\/wp\/v2\/pages\/163","targetHints":{"allow":["GET"]}}],"collection":[{"href":"https:\/\/www.ranocchigs.it\/index.php?rest_route=\/wp\/v2\/pages"}],"about":[{"href":"https:\/\/www.ranocchigs.it\/index.php?rest_route=\/wp\/v2\/types\/page"}],"author":[{"embeddable":true,"href":"https:\/\/www.ranocchigs.it\/index.php?rest_route=\/wp\/v2\/users\/1"}],"replies":[{"embeddable":true,"href":"https:\/\/www.ranocchigs.it\/index.php?rest_route=%2Fwp%2Fv2%2Fcomments&post=163"}],"version-history":[{"count":6,"href":"https:\/\/www.ranocchigs.it\/index.php?rest_route=\/wp\/v2\/pages\/163\/revisions"}],"predecessor-version":[{"id":239,"href":"https:\/\/www.ranocchigs.it\/index.php?rest_route=\/wp\/v2\/pages\/163\/revisions\/239"}],"wp:attachment":[{"href":"https:\/\/www.ranocchigs.it\/index.php?rest_route=%2Fwp%2Fv2%2Fmedia&parent=163"}],"curies":[{"name":"wp","href":"https:\/\/api.w.org\/{rel}","templated":true}]}}